q).
5
Let t(c) = 2*c**2 + c**3 + 0*c**3 + 18*c - 53 - 14*c - 2*c**3 + 55. Suppose 0 = -k + 7 - 3. What is t(k)?
-14
Let t = 94 - 92. Suppose -5*w - 14 = -2*n, w = -3*n + t + 2. Let d(s) be the second derivative of s**4/12 + s**3/3 + s**2 - s. What is d(w)?
2
Let x(i) = 12*i - 9. Let o(k) = k + 3 - 3. Suppose -p - 41 = 3*r, p = r - 3*p + 31. Let w(n) = r*o(n) + x(n). What is w(-6)?
9
Let s(a) = a**3 + 7*a**2 + 15*a + 5. Let i be s(-3). Let z(c) = 3*c**2 + 12*c - 7. Determine z(i).
-7
Suppose -5*j - p = 3, j - 4*p = p - 11. Let o(k) = -4*k + 1. Calculate o(j).
5
Let o(p) = 5*p - 20*p + p**2 - 1 + 13*p. Let z = -54 + 52. Determine o(z).
7
Suppose 0 = -5*d + k + 20, 2*k = d - 4. Let u(j) = 7*j**2 + d - 4 - 2*j + 9*j**2 - 1. Let q(h) = -48*h**2 + 5*h + 3. Let n(z) = 3*q(z) + 8*u(z). Give n(1).
-16
Let c(q) = -q**2 - q + 4. Let h(a) = 7*a - 2. Let p be h(2). Let f be (-3)/(-18) - (-22)/p - 2. What is c(f)?
4
Suppose 0 - 6 = c. Let f(o) = -13*o + 7. Let y(w) = 16*w - 7. Let b(g) = 6*f(g) + 5*y(g). Calculate b(c).
-5
Let s(c) be the second derivative of c**4/12 - c**3/3 - 30*c. Determine s(1).
-1
Suppose 6*u - 20 = 34. Let q(i) be the third derivative of i**5/60 - i**4/3 - 2*i**3 + 2*i**2. Let p be q(u). Let f(k) = -k + 4. What is f(p)?
7
Let k(j) = -j**3 - 8*j**2 + 7*j + 7. Suppose 2*c = -h - 13, 0 = 31*h - 34*h - 5*c - 37. Give k(h).
25
Let r(v) = 4*v + 65. Let g(w) = -8*w - 129. Let x(m) = 4*g(m) + 9*r(m). What is x(-17)?
1
Let c(g) = 7*g + 1. Let a(y) = y**2 + 11*y + 25. Let j be a(-8). Let s(f) = -f - 1. Let b(w) = j*c(w) + 4*s(w). Give b(5).
12
Suppose -12*z + 303 - 243 = 0. Let x(u) = -u**3 + 7*u**2 - 9*u - 6. Determine x(z).
-1
Let p(b) be the third derivative of b**4/8 + b**3/2 + 53*b**2. Let j(w) = w**3 + 3*w**2 + 3*w + 4. Let n be j(-3). Determine p(n).
-12
Let d(z) = 2*z + 2. Let r(j) = -13*j - 16. Let c(y) = -6*d(y) - r(y). Determine c(8).
12
Let p(z) = -z**2 - 5*z - 2. Let w be p(-6). Let a(u) = -102*u - 25. Let h(d) = -163*d - 37. Let r(x) = -8*a(x) + 5*h(x). Determine r(w).
7
Let s be 32/128 - (1 - 115/20). Let y(n) be the third derivative of -5*n**4/24 + n**3 - n**2. Give y(s).
-19
Let w = -5 + 19. Suppose -6 + w = 2*c + 3*m, -5*c - m + 20 = 0. Let y(p) = -2*p. Give y(c).
-8
Let k = -4 + -1. Let c(h) be the third derivative of -h**5/60 - h**4/6 + 2*h**3/3 - 6*h**2. Let l be c(k). Let r(z) = 9*z**3 - z - 1. Give r(l).
-9
Let x(m) be the first derivative of -39 + 5/2*m**2 - 3*m. Calculate x(3).
12
Let z be 2/(-8)*(-115 + 127). Let s(o) = -4*o - 6. Calculate s(z).
6
Let n = 5 + -5. Suppose -9 = -0*s + 3*s - l, 5*s - 4*l + 22 = n. Let i(u) = -2*u**2 - 2*u + 2. What is i(s)?
-2
Let u(o) = 30*o**2 - 13*o**2 - 5 - o**3 + 14*o + 3*o - 17*o**2. What is u(4)?
-1
Let h(j) = -6 + j - 4*j + 4*j - 3*j. Let r(n) = -2*n - 7. Let u(z) = -3*h(z) + 2*r(z). Let p be (-2 + -3)/(1 - 0). Determine u(p).
-6
Let k(f) be the third derivative of -f**6/120 - f**4/24 - 2*f**3 - 3*f**2 - 3. Give k(0).
-12
Let z be 2/((-8)/(-256)*8). Let k(l) = l**2 - 7*l - 9. Calculate k(z).
-1
Let t(b) = -794*b - b**2 + b**3 - 2*b**2 + 795*b. Give t(3).
3
Let c(f) be the third derivative of f**5/30 - 5*f**4/24 - f**3/6 - 240*f**2. Let i(m) = -m**2 + 4*m + 1. Let g be i(3). Determine c(g).
11
Suppose 6*x + 21 = 3*x. Let z be (-8)/(-6)*(-18)/(-4). Let l(w) = -z*w - w - 2*w + 8 + 10*w. Determine l(x).
1
Let i(r) = -r + 5. Let y = 148 + -139. Calculate i(y).
-4
Let a(o) be the first derivative of -1/2*o**2 - 4 + 10*o. Let z be a(6). Let q(s) = -s**2 + 2*s + 1. Give q(z).
-7
Let j(d) = d**2 + 3*d - 11. Suppose 5*v + 27 = n, -5*n = -6*v + 3*v - 3. Determine j(v).
7
Let o(i) = i**3 - 10*i**2 - i. Suppose -s + 4*f = -6, 5*s - 45 + 0 = 5*f. What is o(s)?
-10
Let g(x) = -x**2 + 6*x - 6. Let z(c) = 11*c + 71. Let m be z(-6). Determine g(m).
-1
Let i(v) be the second derivative of -v**3/2 + 5*v**2/2 - 676*v. Determine i(8).
-19
Let y = -106 - -108. Let g(q) = 2*q - 6*q**3 + q - q**y - 2*q + 0 + 1. Give g(-1).
5
Let h(w) be the second derivative of -w**4/12 + 13*w**3/6 - 3*w**2 - 9*w - 8. Determine h(10).
24
Let y(g) = 5*g + 17. Let r(o) = -4*o - 22. Let h(q) = 3*r(q) + 4*y(q). What is h(-3)?
-22
Let o(b) be the second derivative of -b**3/3 + 11*b**2/2 - 3*b. Let i be o(6). Let g be 2 + -2 - (i + 4). Let y(p) = -3*p - 3. Give y(g).
6
Suppose 0 = 3*q - 3 - 9, -3*q = -u - 6. Suppose 0 = -u*f + 2*f + 16. Let s(h) = -h**3 - 5*h**3 + 4*h - 2*h + h**2 + f*h**3. Calculate s(2).
-8
Suppose w = -5*p - 53, -p - 45 = w - 4*p. Suppose 5*u + 59 = -3*a - 258, 5 = 5*a. Let d be ((-3)/2)/(w/u). Let v(h) = -3*h**2 + 3*h + 1. Calculate v(d).
-17
Let d(l) = -4*l**2 + 9*l + 5. Let c(f) = -6*f**2 + 17*f + 10. Let p(n) = -4*c(n) + 7*d(n). What is p(-4)?
-49
Let p(b) be the second derivative of b**5/20 - 5*b**4/6 - 2*b**3 + 4*b**2 - b - 4. Determine p(11).
-3
Let g(l) = -l**2 - 30*l - 5. Let s be g(-30). Let y(u) = u**3 + 6*u**2 - 6. Give y(s).
19
Suppose 3*k + 5*r - 24 = 0, -3*k + 3 = -2*r - 0. Let y = -11 - -12. Suppose y = k*c + 7. Let l(u) = 5*u + 3. Give l(c).
-7
Let g(v) = -v**2 - 9*v + 3. Let y(f) = -f**2 - 18*f + 6. Let a(c) = -5*g(c) + 3*y(c). Let z be 0/(-1) + (-4 - -10). Give a(z).
21
Let w(o) = o**3 + 8*o**2 + 9*o + 8. Let j be w(-7). Let y(b) = -6 + 7*b**2 - 9*b - 24*b**2 + 7*b**2 + 9*b**2. Give y(j).
12
Let n(j) be the second derivative of j**4/12 - 7*j**3/6 - 4*j**2 - 476*j. Give n(5).
-18
Let i(m) = -10*m. Let z(p) = -4*p**2 + 3. Let u(h) = 7*h**2 + h - 6. Let f(t) = -3*u(t) - 5*z(t). Let n be f(-4). Let g be n/(-2)*(-7 - -5). Determine i(g).
10
Let x(n) be the second derivative of n**3/2 + 9*n**2/2 - 286*n. Determine x(-4).
-3
Let h(v) = v**2 - 14*v - 12. Let k be h(15). Let l(z) = z**3 - 2*z**2 - z - 4. Give l(k).
2
Let b(h) be the second derivative of -h**5/20 + h**4/2 - 3*h**2 + 2*h - 5. What is b(6)?
-6
Let t(u) = 5 - 3 + 2 - 9 + u**2. Suppose -2*v = -7*v + 70. Let b = -14 + v. What is t(b)?
-5
Let z(m) = 2*m**3 + 2*m - 2. Let n be z(1). Let h(u) = 2 - 1 + n*u + 5 + 3*u. What is h(-4)?
-14
Let g(q) = 12*q - 3. Let a(c) = -38*c + 11. Let s(t) = -2*a(t) - 7*g(t). Let z be (1/3)/((-2)/6). What is s(z)?
7
Let w(n) = -n**3 - 3*n**2 + 4*n. Let m be -12*((-105)/(-20) - 5). Give w(m).
-12
Suppose 88 = 9*s - 182. Suppose s = -5*c + 75. Let f(t) = t**3 - 8*t**2 - 8*t - 11. Calculate f(c).
-2
Let u = -332 - -326. Let l(v) = v**2 + 7*v + 6. Calculate l(u).
0
Let t = 309 + -317. Let g(z) = 5*z**3 - 32*z**2 - 4*z - 29. Let x(i) = i**3 - 8*i**2 - i - 7. Let s(u) = 2*g(u) - 9*x(u). What is s(t)?
-3
Let s(p) = p**3 - 4*p**2 - 1. Let k = -60 - -62. Let n(f) = 5*f**2 + 1. Let m(o) = k*n(o) + 3*s(o). Give m(2).
15
Let n be (-2)/4*-2*1. Let a = 0 + n. Let w(o) = -2 + a - 3*o + o**2 + 1. Give w(3).
0
Suppose 2*f = -10, -u + f - 1 + 0 = 0. Let c be 2 - (u/3 + 3). Let v(g) be the third derivative of -g**5/15 + g**3/6 + 4*g**2. Determine v(c).
-3
Let f(p) = -39*p - 315. Let t be f(-8). Let q(y) = y**3 + 4*y**2 + 3*y + 10. Calculate q(t).
10
Suppose 0 = 2*f - 10, 2*f + 9 = n + 16. Let p(u) = -u - 2. What is p(n)?
-5
Let x(t) = -t**3 - 3*t**2 + 3*t + 4. Let s(h) = 6*h + 4 - 2*h**3 + 4 + 0*h**2 - 5*h**2. Let r(u) = 2*s(u) - 5*x(u). Calculate r(-5).
11
Let o(j) be the second derivative of -j**5/20 + 5*j**4/6 - 3*j**3/2 + 2*j + 166. Determine o(9).
0
Suppose 3 = 14*y - 13*y - 2*k, 3*k = -3*y - 36. Let p(q) = -6*q**2 + 6*q - 7 - 5*q**3 + 4*q**3 + 0. What is p(y)?
0
Let c(z) = 7*z + 15. Let v(y) = -4*y - 8. Let w(u) = 3*c(u) + 5*v(u). Let d = 56 + -60. Let p be (7/(d + 11))/(2/(-6)). Give w(p).
2
Let a be 2 - ((-20)/(-1))/(-2). Let s(f) = 0 + 0*f - f + a. Let o(t) = t**2 - t - 12. Let g be o(4). Give s(g).
12
Let b(f) = -f**3 + f**2 + 5*f - 2. Let d be ((-18)/(-15))/((-6)/15). Let y(m) = m**3 - 4*m + 1. Let h(g) = d*y(g) - 2*b(g). Calculate h(-3).
4
Let s(r) = -r**2 + 9*r - 13. Suppose -27 = 3*x - 51. Let z be s(x). Let o(u) = -u**2 - 5*u + 7. Calculate o(z).
7
Let r(u) = -u**3 - 6*u**2 - 3*u - 9. Let z be r(-6). Let t(f) be the second derivative of f**3/6 - 4*f**2 + f - 1. Calculate t(z).
1
Let p(n) = -3*n - 4. Let s(o) = -6*o - 5. Let v(k) = 4*p(k) - 3*s(k). Let x(y) = y - 5. Let t be x(6). Determine v(t).
5
Let t(s) = 0*s + 2*s + s - 2. Suppose -3*v + a = v - 9, -2*v - 5*a = -21. Suppose v*n + 6 - 15 = 0. Give t(n).
7